e highest common factor of 3 and 327.
3
What is the greatest common divisor of 27237 and 21?
21
Calculate the highest common factor of 75 and 325.
25
Calculate the highest common divisor of 12 and 112.
4
What is the greatest common factor of 2615 and 10?
5
Calculate the highest common factor of 23064 and 16.
8
Calculate the greatest common factor of 11254 and 204.
34
What is the highest common factor of 361 and 38?
19
What is the greatest common factor of 667 and 29?
29
What is the greatest common factor of 60 and 435?
15
Calculate the highest common divisor of 729 and 9.
9
Calculate the greatest common divisor of 603 and 18.
9
Calculate the greatest common factor of 565 and 5.
5
Calculate the greatest common divisor of 63 and 7497.
63
Calculate the greatest common divisor of 42 and 1302.
42
Calculate the greatest common factor of 1378 and 676.
26
Calculate the highest common divisor of 4173 and 1070.
107
What is the greatest common divisor of 602 and 129?
43
What is the greatest common divisor of 7 and 301?
7
What is the greatest common factor of 8853 and 104?
13
Calculate the highest common factor of 1078 and 4410.
98
What is the highest common factor of 513 and 54?
27
What is the greatest common divisor of 16 and 54?
2
Calculate the greatest common divisor of 119 and 187.
17
Calculate the highest common divisor of 104 and 2678.
26
What is the highest common factor of 1054 and 155?
31
What is the highest common divisor of 300 and 4100?
100
What is the highest common factor of 267 and 712?
89
Calculate the highest common factor of 943 and 41.
41
What is the greatest common divisor of 24 and 180?
12
Calculate the greatest common factor of 55 and 23353.
11
What is the highest common factor of 456 and 37620?
228
Calculate the greatest common factor of 3091 and 33.
11
Calculate the highest common divisor of 841 and 58.
29
What is the greatest common factor of 143 and 22?
11
What is the greatest common divisor of 6 and 4671?
3
What is the highest common divisor of 20 and 7270?
10
Calculate the highest common divisor of 10 and 16.
2
Calculate the highest common factor of 13 and 3029.
13
Calculate the greatest common factor of 2325 and 1023.
93
What is the highest common divisor of 15 and 480?
15
Calculate the highest common divisor of 114 and 426.
6
What is the highest common divisor of 189 and 126?
63
Calculate the highest common divisor of 6 and 1986.
6
What is the highest common divisor of 170 and 170?
170
Calculate the greatest common divisor of 8 and 152.
8
What is the highest common factor of 63 and 147?
21
Calculate the greatest common factor of 11 and 33.
11
Calculate the highest common factor of 2898 and 72.
18
What is the highest common factor of 392 and 1127?
49
What is the highest common factor of 6193 and 22?
11
Calculate the greatest common divisor of 6 and 2526.
6
Calculate the greatest common divisor of 1090 and 10.
10
What is the greatest common factor of 5720 and 208?
104
What is the greatest common factor of 216 and 16?
8
Calculate the greatest common divisor of 68 and 1479.
17
Calculate the greatest common divisor of 144 and 240.
48
What is the greatest common divisor of 99 and 319?
11
Calculate the highest common factor of 1242 and 2001.
69
What is the highest common divisor of 1127 and 69?
23
What is the highest common divisor of 30 and 190?
10
What is the greatest common factor of 55 and 715?
55
What is the highest common factor of 28 and 77?
7
What is the highest common factor of 232 and 261?
29
What is the highest common divisor of 11 and 3773?
11
What is the greatest common factor of 245 and 10?
5
Calculate the greatest common factor of 35 and 875.
35
What is the highest common factor of 196 and 42?
14
What is the highest common divisor of 1080 and 16?
8
Calculate the highest common factor of 2500 and 4.
4
What is the highest common factor of 124 and 1395?
31
What is the highest common factor of 37075 and 25?
25
Calculate the greatest common factor of 23 and 23.
23
Calculate the highest common factor of 832 and 52.
52
What is the highest common divisor of 910 and 104?
26
What is the highest common factor of 78 and 117?
39
Calculate the greatest common divisor of 360 and 536.
8
Calculate the highest common factor of 760 and 1235.
95
Calculate the greatest common factor of 90 and 615.
15
What is the highest common factor of 19 and 152?
19
Calculate the greatest common factor of 387 and 9.
9
Calculate the greatest common divisor of 552 and 96.
24
What is the highest common divisor of 225 and 200?
25
What is the greatest common divisor of 33 and 1837?
11
What is the greatest common factor of 299 and 65?
13
Calculate the highest common factor of 7138 and 258.
86
What is the highest common factor of 70 and 28?
14
Calculate the greatest common factor of 105 and 45.
15
Calculate the greatest common factor of 96147 and 81.
81
Calculate the greatest common divisor of 32 and 1544.
8
Calculate the greatest common divisor of 216 and 8010.
18
What is the highest common divisor of 671 and 11?
11
What is the highest common divisor of 138 and 69?
69
What is the highest common factor of 3232 and 176?
16
What is the greatest common divisor of 564 and 3?
3
What is the greatest common divisor of 841 and 116?
29
Calculate the greatest common divisor of 146 and 2482.
146
Calculate the highest common factor of 2 and 13.
1
What is the highest common factor of 81 and 18873?
81
Calculate the greatest common factor of 16 and 304.
16
Calculate the greatest common divisor of 18 and 558.
18
Calculate the greatest common factor of 1960 and 637.
49
Calculate the greatest common factor of 880 and 198.
22
Calculate the highest common factor of 322 and 42.
14
What is the highest common factor of 6 and 6?
6
Calculate the highest common factor of 34 and 255.
17
What is the highest common divisor of 14 and 77?
7
What is the highest common divisor of 147 and 129?
3
Calculate the greatest common divisor of 60 and 1470.
30
Calculate the greatest common factor of 48 and 2364.
12
What is the greatest common factor of 2065 and 245?
35
Calculate the highest common factor of 82 and 15744.
82
Calculate the highest common factor of 1836 and 1236.
12
What is the greatest common factor of 201 and 16147?
67
Calculate the greatest common factor of 783 and 29.
29
Calculate the greatest common divisor of 200 and 484.
4
Calculate the greatest common divisor of 7719 and 31.
31
Calculate the highest common divisor of 63 and 49.
7
Calculate the highest common factor of 3503 and 31.
31
Calculate the highest common divisor of 9 and 1521.
9
Calculate the greatest common divisor of 242 and 154.
22
What is the greatest common divisor of 2400 and 96?
96
Calculate the highest common factor of 159 and 3021.
159
What is the greatest common divisor of 10 and 25060?
10
What is the highest common factor of 384 and 984?
24
What is the greatest common divisor of 38 and 4484?
38
What is the greatest common divisor of 8960 and 70?
70
What is the greatest common divisor of 370 and 10?
10
Calculate the highest common factor of 340 and 640.
20
What is the greatest common factor of 72 and 7182?
18
Calculate the greatest common divisor of 1020 and 60.
60
Calculate the highest common divisor of 3832 and 40.
8
What is the greatest common factor of 52 and 4498?
26
Calculate the highest common divisor of 51 and 6.
3
Calculate the highest common factor of 114 and 9.
3
Calculate the greatest common divisor of 14 and 126.
14
Calculate the highest common factor of 3 and 57.
3
What is the highest common divisor of 34 and 187?
17
Calculate the greatest common divisor of 18 and 603.
9
What is the greatest common factor of 2090 and 110?
110
What is the greatest common factor of 3 and 4821?
3
What is the highest common factor of 6425 and 75?
25
Calculate the greatest common divisor of 11 and 121.
11
Calculate the highest common divisor of 14 and 343.
7
Calculate the highest common factor of 99660 and 132.
132
Calculate the highest common factor of 14 and 3402.
14
Calculate the greatest common divisor of 1162 and 42.
14
What is the highest common divisor of 70161 and 39?
39
What is the greatest common factor of 155 and 15?
5
What is the greatest common divisor of 51 and 969?
51
What is the highest common divis